t are the prime factors of l?
2
Let h(d) = d**3 - 19*d**2 + 20*d + 5. Let k be (-4)/(-24) + (-214)/(-12). What are the prime factors of h(k)?
41
Let f(p) = -p**2 + 5*p + 10. Let a be f(7). Suppose 28 = l - 3. What are the prime factors of a*(-2 - -1) + l?
5, 7
Let f(b) = 34*b**2 - b + 4. Let z = -31 - -33. What are the prime factors of f(z)?
2, 3, 23
Suppose -4*i = 2*z - 37 + 9, -z - i + 9 = 0. What are the prime factors of (2 - ((-206)/z + 3))*4?
2, 101
Suppose o + 2*o + 12 = 0, 4*p - 2*o = 72. List the prime factors of (-3849)/(-12) + 4/p.
3, 107
Suppose -4*s - 6*f + 2*f = -32, 3*s = -4*f + 25. Suppose 9*z - s*z = 34. List the prime factors of z.
17
Let k(t) = -2*t**3 - 6*t**2 - t + 4. Let m(r) be the first derivative of -r**2/2 + 3*r - 1. Let j be m(7). List the prime factors of k(j).
2, 5
List the prime factors of 10 + -8 + 2 + 300.
2, 19
Suppose 0 = -10*m + 8*m + 8. Suppose -37 = -5*y - m*z - 13, -3*y + 8 = -4*z. List the prime factors of (37 + -1)/y - 0.
3
Let f(s) = s**3 - 4*s**2 - 7*s + 11. Let d(k) = -k**2 + k - 1. Let a(v) = 3*d(v) - f(v). List the prime factors of a(-6).
2, 89
Suppose -2*k = 5*p - k - 21, -2*p + k + 7 = 0. Suppose -p*b - j + 271 = -360, 2*b = 4*j + 338. What are the prime factors of b?
3, 53
Let x(p) = p**2 - 8*p + 1930. List the prime factors of x(0).
2, 5, 193
Let u = -43 - -47. Suppose 0 = 2*v + u*a - 196, -v - 4*a = -52 - 46. List the prime factors of v.
2, 7
Let h(s) = s + 0 - 3 - 2 + 6. Let n(c) = c. Let t be n(1). What are the prime factors of h(t)?
2
List the prime factors of -2*(3 + 199)*8/(-8).
2, 101
Suppose h - 2 = -6. Let g(a) = -15*a - 14. Let w be g(h). Let t = w + -17. List the prime factors of t.
29
Suppose -3*k - 101 = -4*r, -30*r + 33*r + k = 79. What are the prime factors of r?
2, 13
Suppose -3*y + 4*y = 21. Suppose 145 = -16*q + y*q. List the prime factors of q.
29
Suppose 72 = 9*g - 31545. List the prime factors of g.
3, 1171
Let z(i) = -i**3 - 7*i**2 + 5*i - 10. Suppose -4*n - 4*d - 8 = 0, -5*n + 4 = 4*d - 6*d. Suppose -8 = p - n. What are the prime factors of z(p)?
2, 7
Suppose 0 = -61*w + 7174 + 75359. What are the prime factors of w?
3, 11, 41
Let l = -1309 - -3309. What are the prime factors of l?
2, 5
Let c = 8 + 1. Let t = 1 - 1. Suppose -3*p = -c - t. What are the prime factors of p?
3
Let n = -367 + 1374. What are the prime factors of n?
19, 53
Suppose -2*f + 2*d = -20, 5*d = 2*f - 4*f - 15. What are the prime factors of 17*(-4 + f/1)?
17
Suppose -3*i = 4*k - 6728, -6*k - 2*i + 5046 = -3*k. List the prime factors of k.
2, 29
Let m = 19 + -17. Suppose m*r + 4 = 0, r = -6*n + 3*n + 103. What are the prime factors of n?
5, 7
Let j be 1/3*6 - 17. Let t = j + 23. What are the prime factors of t?
2
Suppose 24*r - 69*r + 55395 = 0. List the prime factors of r.
1231
What are the prime factors of (-24)/(-28)*-1*-7 + 1397?
23, 61
Let c = 707 - 216. List the prime factors of c.
491
Let p = -67 - -792. What are the prime factors of p?
5, 29
Let q(r) = -4 - 1 + 2*r - r + 0*r. Let d(w) = -3*w + 10. Let u(o) = -6*d(o) - 11*q(o). What are the prime factors of u(4)?
23
Let c(j) = j**2 + 13*j + 12. Let a be c(-12). Suppose -2*h + h + 16 = a. What are the prime factors of (-351)/36*h/(-6)?
2, 13
Suppose 0 = -3*k + 100 - 10. Let u = 26 - k. List the prime factors of u*(4 + 99/(-12)).
17
Suppose 0*h = -h + 4*m + 6, -2*m = -10. Suppose 5*k - h - 34 = -v, 0 = -4*k + 8. Let y = -22 + v. List the prime factors of y.
2, 7
What are the prime factors of -1011*(-2)/24*4?
337
Let k be 320/25 - 2/(-10). Let i = -13 + k. Suppose -5*y + 0 + 90 = i. List the prime factors of y.
2, 3
Let s = 2220 + -1200. Suppose 0 = 10*q - 16*q + s. What are the prime factors of q?
2, 5, 17
Suppose -a - 5*i + 428 = 0, 12*a - 15*a + 5*i = -1304. List the prime factors of a.
433
Suppose -11 = -4*r + 9, 5*r - 341 = -4*o. List the prime factors of o.
79
Suppose 4*y = o - 503, 4*o - 2*o = 2*y + 988. What are the prime factors of o?
491
Suppose 8816 = 2*m + 17*m. List the prime factors of m.
2, 29
Let l(t) = -t**2 + 12*t - 5. Let r = -13 + 10. Let z = 9 + r. List the prime factors of l(z).
31
List the prime factors of 361*(-11 - -5)/(-3).
2, 19
Let g be 22/(-66)*(1 + -640). Suppose 0 = -5*o - 5*y - 38 + g, -o + 31 = -3*y. What are the prime factors of o?
2, 17
Suppose -20 = -3*p - 5. Suppose 0 = 19*h - 100 + 5. Suppose -p*j + h*x + 245 = -0*j, 49 = j - 3*x. List the prime factors of j.
7
Let r(b) = -b**2 - 7*b + 6. Let j(l) = 2*l + 10. Let u be j(-7). Let z be (-1)/4 - (-27)/u. List the prime factors of r(z).
2, 3
Let r = 128 + -127. List the prime factors of (158/4)/(r/(-8)*-2).
2, 79
Suppose 0*g - 4*g - 3 = 5*t, 3*t = 3*g - 18. Let a be (-112)/6*(t - 0). Suppose -3*o + 1 + 41 = v, -a = -4*o + 4*v. What are the prime factors of o?
2, 7
Suppose -5*b + 442 = h, -1254 = -3*h + 5*b - 2*b. List the prime factors of h.
2, 211
Suppose -76 + 531 = 13*o. List the prime factors of o.
5, 7
Let b(g) = 5*g - 34. Let k(a) = a + 37. Let r be k(-22). What are the prime factors of b(r)?
41
Let f = -2373 - -4221. List the prime factors of f.
2, 3, 7, 11
Let o = -8 + 18. Suppose -o = -4*m + u, 6 = -m - m - 5*u. Suppose -d = -m*a + 5 - 28, 5*d - 5*a = 110. List the prime factors of d.
3, 7
What are the prime factors of 4 - 22/6 - 13352/(-12)?
3, 7, 53
Suppose -14 = 3*s - 2. Let g be 3*2 - s/(-2). Suppose -n + g = 0, i - n - 66 = -3*n. What are the prime factors of i?
2, 29
Suppose -4*d + 506 = 2*f, -5*f = -4*f - 5. What are the prime factors of d?
2, 31
Suppose 0 = t - 3*t + 42. Let z = 21 - t. Let m(c) = c + 35. What are the prime factors of m(z)?
5, 7
Suppose 396*l - 393*l = 27. List the prime factors of l.
3
Let o = 2018 + -4512. Let k = -1374 - o. List the prime factors of k/24 - 1/(-3).
47
Let b(v) = -v**2 + 12*v + 5. Let r be b(12). Let i be r*(3/(-5) + 1). Suppose i*s - 5 = 11. List the prime factors of s.
2
Let a(u) = -2*u - 1. Let d be a(-8). Suppose -w - d = -4*w. Suppose -2*x + 36 = 4*m, -w*x + 20 + 98 = 3*m. List the prime factors of x.
2, 13
Suppose 0 = 3*g + 67 + 5. Let u = 48 + g. Suppose -u = -f + 41. What are the prime factors of f?
5, 13
Suppose 0*x - 15 = -3*x. Suppose 0 = 4*s - 5*q - 68, -5*q + 18 = x*s - 67. What are the prime factors of s?
17
Let b(w) = -w**3 + 6*w**2 + 2*w - 6. Suppose 5 - 13 = -4*q. Suppose 2*n - 4*k + 25 = 3*n, -n = -q*k + 5. List the prime factors of b(n).
29
Let f = -546 + 850. What are the prime factors of f?
2, 19
Let p = 54 + 229. What are the prime factors of p?
283
Suppose -x = -5, 0*a + 3*x - 95 = -4*a. What are the prime factors of a?
2, 5
Let x(d) = d**2 + 6*d + 28. Let n = 72 + -84. List the prime factors of x(n).
2, 5
Let l = 33 - 31. Suppose -l*y = 2*y - 12. Suppose y*x = 6*x - 105. What are the prime factors of x?
5, 7
Let i = -661 + 1132. List the prime factors of i.
3, 157
Suppose 0 = -3*t - 3*w + 12, 4*w + 15 = 5*t - 41. Suppose t*v - 5*v = 15. List the prime factors of v.
5
Let i(y) = 8*y**2 - 26*y. Let q be i(-8). Suppose -p - p = 4*b - q, 3*b = 2*p + 540. What are the prime factors of b?
2, 3, 5
Suppose 0 = a - 4*u, 0 = 5*a - 0*a + 5*u - 125. Let b be (-30)/(-7) - 2/7. Suppose -b*o + a = -8. What are the prime factors of o?
7
Suppose -3*i + 32 = -16. Suppose -i = h + 3. Let x = -10 - h. What are the prime factors of x?
3
Let u be 412/(-6) - 1 - 32/(-48). What are the prime factors of 5 - u - (4 + -6)?
2, 19
Let a = 277 - 188. Suppose 6*l - 35 = -a. List the prime factors of (l - 3)/(-1 - 1).
2, 3
Suppose 5*q = u + 1787, -q + u + 83 = -276. Let t = q - 92. What are the prime factors of t?
5, 53
Let j be -1 + 1 - (-5)/(15/204). Suppose d + 3*d = j. List the prime factors of d.
17
Let r(y) be the second derivative of -y**5/20 + 7*y**4/12 + 10*y**3/3 + 11*y**2/2 - 14*y. List the prime factors of r(8).
107
Let n = -17 - -18. What are the prime factors of -2*((-15)/n + 1)?
2, 7
Suppose 79*t - 111*t + 88768 = 0. List the prime factors of t.
2, 19, 73
Let k(o) be the first derivative of -3*o**2 - 5*o + 3. Let a be k(-6). Suppose -44 = -3*i + a. What are the prime factors of i?
5
Suppose -2*v - 4 = -x, -2*v + x = 2*v + 6. Let s be 6*4/3 + v. List the prime factors of s/(-14) - 73/(-2).
2, 3
Let k(n) = -3 + 5 - n + 3 - 3. Let f be k(4). List the prime factors of 8/6*(-9)/f.
2, 3
Let u be (-1)/((3/4)/3). 